13*m**2 - 5*m - 29. Let z be r(12). What are the prime factors of (11/(z/(-108)))/((-3)/i)?
2, 3
Let x be 0*5/10 - 1*-39. Suppose -43*h = -x*h - 428. List the prime factors of h.
107
Let k(h) = 1182*h**2 + 29*h + 60. What are the prime factors of k(-2)?
2, 5, 11, 43
Let s = -94 + 221. Let x = 43 + s. What are the prime factors of x?
2, 5, 17
Suppose -4*b - 11 = r, -r - 3*b + 0*b - 7 = 0. Suppose 0 = -2*w + r*w - 15, 3*v - w + 5 = 0. Suppose v = -3*n - 6*n + 639. List the prime factors of n.
71
Let f(b) = -10*b + 6. Let u be f(3). Let y = u + 26. What are the prime factors of 391/y + 4 + 27/(-6)?
3, 5, 13
Let j(p) = -6*p**2 - p + 2. Let g(o) = 1. Let q(k) = -2*g(k) + j(k). Let t be q(-1). Let v(n) = 10*n**2 + 4*n + 9. List the prime factors of v(t).
239
Let h be 92 + (-2)/(-2) + (-12)/4. What are the prime factors of (1149*1)/(h/60)?
2, 383
Let h(y) = 21*y**2 + 9*y + 1. Let q be h(-3). Let s = q - 79. Let u = s + 97. What are the prime factors of u?
181
Suppose q - 5*q = z + 200, 2*z = -2*q - 94. Let n = 49 + q. What are the prime factors of (-1)/(-2*n/(-232))?
2, 29
Let o be 16/4 + 8/(-4) + 63. Suppose 4*n + x = 293, -n + 3*x - o = -2*n. What are the prime factors of n?
2, 37
Let u(q) = 0*q - 5*q + 17 + 0*q - 4*q + 38*q. Suppose 4*y - 20 = -0. What are the prime factors of u(y)?
2, 3
Let j = -25130 + 48633. What are the prime factors of j?
19, 1237
Suppose -112640 = -160*p + 138*p. List the prime factors of p.
2, 5
Let x = 9674 - -8861. What are the prime factors of x?
5, 11, 337
Let u be (-16)/(-24) + (-562)/(-3). Let f = u - -91. Let k = -159 + f. List the prime factors of k.
2, 3, 5
Let a = 178 + -172. Suppose -a*f + 160 = -26. What are the prime factors of f?
31
Let s(r) = 20*r**2 - 62*r + 712. What are the prime factors of s(15)?
2, 2141
Let s = 22 - 29. Let t(i) = 3 + 28*i**2 - 6*i**2 - 15*i**2 - 5*i**2. What are the prime factors of t(s)?
101
Let i = 59473 + -42460. What are the prime factors of i?
3, 53, 107
Let l(w) = 2*w**3 + 3*w - 4. Let z be l(1). What are the prime factors of z/(2/(-1023))*(-4)/3?
2, 11, 31
Suppose -3*d + 848 = 281. Let r(h) = h**2 - 28*h + 169. Let f be r(9). What are the prime factors of (d/(-36))/(f/8)?
3, 7
Suppose -8*p = -3*p. Suppose p = 7*o + 3446 - 10950. List the prime factors of o.
2, 67
Suppose 3987 + 12221 = 16*o. Suppose -3*l + o = 4*v, 5*l = -v + 10*l + 236. List the prime factors of v.
251
Suppose -384 + 374 = 2*z. List the prime factors of (z/10)/(2/(-772)).
193
Suppose -3*r - 2*u + 4 = 0, -2*r + 7*r + 5*u - 5 = 0. Let j be (173/(-1))/(2/(r + 0)). Let z = -114 - j. What are the prime factors of z?
59
Suppose 4*o - 66 - 26 = 0. Suppose 20*y - o*y - 330 = 0. Let c = 248 + y. List the prime factors of c.
2, 3, 23
Let z(g) = 9*g - 195. Let m(n) = -2*n - 45. Let p be m(-39). What are the prime factors of z(p)?
2, 3, 17
Suppose -2*w - 2*i + 0 + 38 = 0, -3*w + 5*i = -49. Suppose -a = 5*a + w. List the prime factors of (6/(-4))/(1/294*a).
3, 7
Let i be 1*(-4)/((-20)/45). Suppose -2*t + i*t - 28 = 0. Let a(d) = d**3 + 2*d**2 + 2*d - 2. List the prime factors of a(t).
2, 3, 17
Suppose 79*a - 865853 - 1387385 = 0. What are the prime factors of a?
2, 13, 1097
Let h(t) = 114 + 0*t + 4*t - 138 + 7*t**2 + 11*t**2. List the prime factors of h(-5).
2, 7, 29
Let n(a) = a - 13. Let k be n(10). Let z be 16/(-4) - k*1. List the prime factors of (1/3)/z*(-364 + -2).
2, 61
Suppose -4*n + 2885 = 4*o + o, 0 = 5*o - 5*n - 2840. Let y = 820 - o. List the prime factors of y.
13, 19
Let q(g) = 145*g + 45. Let l be q(6). Suppose -4*m + 736 = -3*j, -4*m = m - 5*j - l. List the prime factors of m.
11, 17
List the prime factors of (66970/(-20) - 4)*16/(-6).
2, 3, 5, 149
Let a(l) be the third derivative of l**4/24 + 364*l**3/3 - 23*l**2 - 2. List the prime factors of a(0).
2, 7, 13
Let s = 9 - 6. Let v be 460 - (-2 + 2*(-10)/(-4)). Suppose -r = -2*f + 322, 0 = s*f + 3*r + 2*r - v. List the prime factors of f.
3, 53
Let j = 9797 - 8156. What are the prime factors of j?
3, 547
Let m(d) = 49*d - 13. Let t be m(-15). Let v = -238 - t. List the prime factors of v.
2, 3, 5, 17
Let l(z) = 3*z**2 - 8*z - 2. Let s(c) = c**3 - 11*c**2 + 16*c + 12. Let h be s(9). What are the prime factors of l(h)?
2, 7, 11
Let w be (9/27)/(0 - 1/(-588)). Suppose w*z + 3227 = 203*z. List the prime factors of z.
461
List the prime factors of ((-2)/(2/(-4871))*-1)/((-2)/4).
2, 4871
Let y = 90 + -65. Suppose 23*k = y*k + 194. Let j = k + 236. List the prime factors of j.
139
Let b(n) = 29*n**2 + 73*n + 552. What are the prime factors of b(-8)?
2, 3, 19
Let n = 5781 + -3079. List the prime factors of n.
2, 7, 193
Let g(l) = l**2 - 15*l + 3. Let r = -8 + 11. Let n be g(r). Let k = n - -149. List the prime factors of k.
2, 29
Let b be (-33)/(-4) + -8 - (-6)/8. What are the prime factors of 223 - (0/((-2)/b))/1?
223
Let m = -315 - -38. Let h = -169 - m. Suppose d = -4*a + 125, d - h = -a + 5. What are the prime factors of d?
109
Suppose 0 = -0*v - 7*v. Let q be 1*v/(1 + 1). Suppose 4*p - 39 = 5*s, -3*p + 2*s - 5*s + 9 = q. List the prime factors of p.
2, 3
Let j(y) = 313*y - 273 + 576*y + 19*y + 165 - 42*y. What are the prime factors of j(2)?
2, 7, 29
What are the prime factors of 6006 + -10 - (-4 - 6/(-1))?
2, 3, 37
List the prime factors of -5 - (9 - (6574 - -13)).
3, 7, 313
Let h(l) = -33*l**2 - 5*l + 22. Let w be h(5). Let a = -387 - w. Suppose -4*i - 93 = -a. List the prime factors of i.
3, 29
Let g(w) = w**3 + 18*w**2 + 11*w - 15. Suppose 4*a = -0*a - 140. Let u = a + 18. List the prime factors of g(u).
3, 29
Let q(v) = v**3 + 10*v**2 - 18*v + 28. Let g be q(-12). What are the prime factors of (g/5)/(2/(-295)) - 0?
2, 11, 59
Let p = -92 - -103. Let w = p + 5. Suppose 1606 = -5*c + w*c. What are the prime factors of c?
2, 73
Let v(c) = 401*c**2 - 4*c + 3. Let g = -160 + 161. What are the prime factors of v(g)?
2, 5
List the prime factors of (-1 + 2)/1*(78/(-6) - -3776).
53, 71
Let u(g) be the third derivative of 0*g - 6*g**2 + 19/8*g**4 - 2/3*g**3 + 0. List the prime factors of u(2).
2, 5, 11
Let p(v) = v**2 - 63*v - 1056. What are the prime factors of p(121)?
2, 11, 271
Let x(h) = h**2 - h - 8. Let y be x(4). Suppose 3*p - 2 = y. What are the prime factors of (-20)/12*-57 - p?
3, 31
What are the prime factors of 183824/(-34 - -18)*-5?
5, 11489
Let o be (23/(-46) - 1*-1)*-4. List the prime factors of 10892/168 - o/12.
5, 13
Suppose -2*u = -4*l + 8566, 11*u - 10713 = -5*l + 8*u. Let s = l - 1358. List the prime factors of s.
2, 7
Let t(g) = g + 20. Let y(d) = -d**3 - 3*d**2 + 5*d - 3. Let z be y(-4). Let r be t(z). Let a = 128 - r. List the prime factors of a.
5, 23
Suppose l + 3*z = 16251, -2*l + 20319 = -3*z - 12165. What are the prime factors of (-2)/3*l/(-38)?
3, 5, 19
Let v = 2826 - -3332. List the prime factors of v.
2, 3079
Let v be (-6276)/16 + ((-102)/24)/(-17). Suppose 4*n = 5*c - 2798, 4*n = 3*n + 3. Let t = c + v. List the prime factors of t.
2, 5, 17
Suppose -2*r - 4 = 3*k + 2, -2*k = 5*r - 7. Let s(n) = -n**2 - 5*n - 1. Let p be s(k). List the prime factors of 3 - -12 - p - 2.
2, 5
Suppose 17 = z + 4*b, -4*z + 26 = -b - 93. Let g = 11 - z. What are the prime factors of (-6)/(-27) + (-896)/g?
2, 5
Suppose -y - 5*p = -30, 5*y + 3*p = 2*y + 54. Suppose -3*x = 12, -10*x - y = -m - 6*x. List the prime factors of ((-9)/15)/m - (-16824)/60.
281
Let m(s) = -2*s**2 - 14*s + 4. Let z be m(-7). Suppose -z*r - 2*r = -3630. Suppose 4*g - r + 109 = 0. What are the prime factors of g?
2, 31
Let m = -261 + 517. Let d(a) = -9*a**2 - 19*a - 11. Let l be d(-5). Let i = m + l. What are the prime factors of i?
5, 23
Suppose -12243 = -11*d - 3355. Let o = d - 401. What are the prime factors of o?
11, 37
Suppose 0 = -15*v + 22 + 53. Suppose v*d - 3*m + 366 = 0, -4*d - 3*m = -0*d + 309. Let r = d + 101. What are the prime factors of r?
2, 13
Let c(i) be the first derivative of i**5/6 - i**4/12 - i**3/3 + 14*i**2 + 19. Let y(x) be the second derivative of c(x). List the prime factors of y(4).
2, 3, 5
Let u(b) be the first derivative of -19*b**4/24 - 4*b**3/3 - 11*b**2 - 9. Let y(g) be the second derivative of u(g). List the prime factors of y(-7).
5
Let q(t) = -3*t**2 + 8*t - 9. Let b(g) = 5*g**2 - 16*g + 20. Let o(k) = -4*b(k) - 9*q(k). List the prime factors of o(-5